hat is the remainder when 135 is divided by 23?
20
What is the remainder when 6095 is divided by 435?
5
What is the remainder when 4194 is divided by 1238?
480
Calculate the remainder when 16669 is divided by 1513.
26
Calculate the remainder when 14357 is divided by 228.
221
Calculate the remainder when 56640 is divided by 321.
144
What is the remainder when 18495 is divided by 4622?
7
Calculate the remainder when 13670 is divided by 756.
62
Calculate the remainder when 3348147 is divided by 102.
99
Calculate the remainder when 29651 is divided by 7411.
7
Calculate the remainder when 2298 is divided by 2294.
4
Calculate the remainder when 18191 is divided by 10.
1
What is the remainder when 12306 is divided by 2460?
6
What is the remainder when 3184 is divided by 58?
52
What is the remainder when 750 is divided by 112?
78
Calculate the remainder when 26647 is divided by 141.
139
Calculate the remainder when 1409731 is divided by 77.
15
Calculate the remainder when 4129 is divided by 643.
271
Calculate the remainder when 95482 is divided by 1592.
1554
Calculate the remainder when 1375 is divided by 1370.
5
What is the remainder when 543051 is divided by 127?
126
Calculate the remainder when 36721 is divided by 40.
1
Calculate the remainder when 233984 is divided by 444.
440
Calculate the remainder when 345 is divided by 84.
9
What is the remainder when 16347 is divided by 2717?
45
Calculate the remainder when 5185 is divided by 2586.
13
What is the remainder when 45128 is divided by 217?
209
Calculate the remainder when 610157 is divided by 203380.
17
Calculate the remainder when 4021 is divided by 69.
19
What is the remainder when 94793 is divided by 257?
217
What is the remainder when 2172 is divided by 9?
3
What is the remainder when 8553 is divided by 166?
87
Calculate the remainder when 70100 is divided by 2417.
7
Calculate the remainder when 6765 is divided by 16.
13
What is the remainder when 38436 is divided by 60?
36
What is the remainder when 529187 is divided by 602?
29
What is the remainder when 404169 is divided by 317?
311
What is the remainder when 4566 is divided by 318?
114
Calculate the remainder when 14495 is divided by 250.
245
What is the remainder when 2308 is divided by 673?
289
What is the remainder when 374 is divided by 330?
44
What is the remainder when 375 is divided by 53?
4
Calculate the remainder when 5309 is divided by 94.
45
Calculate the remainder when 555733 is divided by 2659.
2
Calculate the remainder when 10951 is divided by 243.
16
Calculate the remainder when 382 is divided by 29.
5
What is the remainder when 29314 is divided by 337?
332
Calculate the remainder when 10148 is divided by 5.
3
Calculate the remainder when 147023 is divided by 36754.
7
Calculate the remainder when 106280 is divided by 151.
127
What is the remainder when 510835 is divided by 56?
3
Calculate the remainder when 5348 is divided by 565.
263
What is the remainder when 2135 is divided by 126?
119
What is the remainder when 4619 is divided by 21?
20
What is the remainder when 7972 is divided by 463?
101
What is the remainder when 15639 is divided by 248?
15
What is the remainder when 49979 is divided by 119?
118
Calculate the remainder when 313367 is divided by 104451.
14
What is the remainder when 44557 is divided by 111?
46
What is the remainder when 1432 is divided by 757?
675
Calculate the remainder when 3337 is divided by 181.
79
Calculate the remainder when 972138 is divided by 130.
128
Calculate the remainder when 27670 is divided by 104.
6
Calculate the remainder when 25988 is divided by 81.
68
What is the remainder when 263519 is divided by 732?
731
What is the remainder when 72519 is divided by 296?
295
What is the remainder when 14511 is divided by 4781?
168
What is the remainder when 2102 is divided by 129?
38
Calculate the remainder when 9003 is divided by 168.
99
What is the remainder when 31069 is divided by 285?
4
Calculate the remainder when 2951 is divided by 141.
131
Calculate the remainder when 2451 is divided by 257.
138
What is the remainder when 211312 is divided by 17608?
16
What is the remainder when 5011 is divided by 133?
90
What is the remainder when 3413 is divided by 1690?
33
What is the remainder when 1099 is divided by 475?
149
Calculate the remainder when 2481 is divided by 510.
441
What is the remainder when 13178 is divided by 302?
192
What is the remainder when 1890 is divided by 613?
51
What is the remainder when 75327 is divided by 270?
267
What is the remainder when 49260 is divided by 99?
57
What is the remainder when 3899 is divided by 78?
77
What is the remainder when 10863 is divided by 1324?
271
Calculate the remainder when 2588 is divided by 86.
8
Calculate the remainder when 3225 is divided by 312.
105
Calculate the remainder when 137548 is divided by 177.
19
Calculate the remainder when 9072 is divided by 202.
184
What is the remainder when 15260 is divided by 446?
96
Calculate the remainder when 311829 is divided by 10.
9
Calculate the remainder when 1010356 is divided by 40.
36
What is the remainder when 120721 is divided by 3771?
49
What is the remainder when 2792 is divided by 224?
104
Calculate the remainder when 6757 is divided by 115.
87
Calculate the remainder when 4596 is divided by 4492.
104
What is the remainder when 26783 is divided by 8924?
11
Calculate the remainder when 3078717 is divided by 30.
27
Calculate the remainder when 5231 is divided by 15.
11
What is the remainder when 13572 is divided by 116?
0
What is the remainder when 10188 is divided by 2455?
368
What is the remainder when 836 is divided by 172?
148
Calculate the remainder when 53256 is divided by 17668.
252
Calculate the remainder when 4768 is divided by 32.
0
What is the remainder when 13103 is divided by 51?
47
Calculate the remainder when 70521 is divided by 304.
297
What is the remainder when 397567 is divided by 151?
135
What is the remainder when 50360 is divided by 23?
13
What is the remainder when 4393 is divided by 721?
67
Calculate the remainder when 2272369 is divided by 142023.
1
What is the remainder when 427270 is divided by 633?
628
What is the remainder when 757 is divided by 175?
57
Calculate the remainder when 5552 is divided by 2773.
6
What is the remainder when 10039 is divided by 122?
35
Calculate the remainder when 52483 is divided by 888.
91
Calculate the remainder when 11573 is divided by 37.
29
What is the remainder when 29256 is divided by 10?
6
Calculate the remainder when 6360 is divided by 3106.
148
Calculate the remainder when 4229 is divided by 49.
15
Calculate the remainder when 193 is divided by 71.
51
What is the remainder when 32436 is divided by 506?
52
Calculate the remainder when 2486 is divided by 234.
146
Calculate the remainder when 1142 is divided by 279.
26
What is the remainder when 35101 is divided by 5848?
13
What is the remainder when 150 is divided by 75?
0
What is the remainder when 515381 is divided by 24?
5
What is the remainder when 7073 is divided by 1766?
9
Calculate the remainder when 5015 is divided by 4984.
31
Calculate the remainder when 30143 is divided by 1039.
12
What is the remainder when 1617 is divided by 28?
21
What is the remainder when 8813 is divided by 277?
226
What is the remainder when 10655805 is divided by 228?
225
What is the remainder when 15175 is divided by 15127?
48
Calculate the remainder when 29095 is divided by 291.
286
What is the remainder when 381055 is divided by 955?
10
What is the remainder when 434 is divided by 84?
14
What is the remainder when 8244 is divided by 111?
30
What is the remainder when 1935 is divided by 89?
66
What is the remainder when 3987 is divided by 435?
72
Calculate the remainder when 155717 is divided by 126.
107
What is the remainder when 5971 is divided by 1435?
231
Calculate the remainder when 138377 is divided by 116.
105
What is the remainder when 5918 is divided by 145?
118
Calculate the remainder when 49499 is divided by 121.
10
Calculate the remainder when 2108981 is divided by 568.
565
Calculate the remainder when 512 is divided by 196.
120
Calculate the remainder when 8177 is divided by 190.
7
What is the remainder when 36216 is divided by 29?
24
Calculate the remainder when 1001130 i